{"id":5537,"date":"2022-11-30T08:21:30","date_gmt":"2022-11-30T06:21:30","guid":{"rendered":"https:\/\/www.observatoriotiamat.es\/parques-nacionales\/"},"modified":"2024-12-17T14:55:41","modified_gmt":"2024-12-17T12:55:41","slug":"parcs-nacionals","status":"publish","type":"page","link":"https:\/\/www.observatoriotiamat.es\/ca\/parcs-nacionals\/","title":{"rendered":"Parcs nacionals"},"content":{"rendered":"<section class=\"l-section wpb_row height_medium\"><div class=\"l-section-h i-cf\"><div class=\"g-cols vc_row via_flex valign_top type_default stacking_default\"><div class=\"vc_col-sm-12 wpb_column vc_column_container\"><div class=\"vc_column-inner\"><div class=\"wpb_wrapper\"><div class=\"wpb_text_column us_custom_7e20fa79 us_animate_this\"><div class=\"wpb_wrapper\"><h5>Parcs nacionals<\/h5>\n<\/div><\/div><div class=\"w-separator us_custom_8a8897b1 us_animate_this size_small\"><\/div><div class=\"w-separator size_medium\"><\/div><div class=\"wpb_text_column\"><div class=\"wpb_wrapper\"><h4>La Xarxa de Parcs Nacionals \u00e9s un sistema integrat per a la protecci\u00f3 i la gesti\u00f3 d&#8217;una selecci\u00f3 de les millors mostres del Patrimoni Natural Espanyol. Est\u00e0 conformada pels Parcs Nacionals que la integren, el marc normatiu, els mitjans materials i humans, les institucions i el sistema de relacions necessari per funcionar.<\/h4>\n<\/div><\/div><div class=\"w-separator size_small\"><\/div><div class=\"w-separator size_small\"><\/div><div class=\"w-btn-wrapper align_left\"><a class=\"w-btn us-btn-style_1 us_custom_12829b65 us_animate_this icon_atleft\" href=\"https:\/\/www.miteco.gob.es\/es\/red-parques-nacionales\/la-red\/\"><i class=\"fas fa-long-arrow-right\"><\/i><span class=\"w-btn-label\">M\u00c9S INFORMACI\u00d3<\/span><\/a><\/div><div class=\"w-separator size_medium\"><\/div><\/div><\/div><\/div><\/div><\/div><\/section><section class=\"l-section wpb_row us_custom_6d13e4d2 height_medium\"><div class=\"l-section-h i-cf\"><div class=\"g-cols vc_row via_flex valign_top type_default stacking_default\"><div class=\"vc_col-sm-12 wpb_column vc_column_container\"><div class=\"vc_column-inner\"><div class=\"wpb_wrapper\"><div class=\"wpb_text_column us_custom_6df4bc3a has_text_color\"><div class=\"wpb_wrapper\"><h2>Mapa dels Parcs Nacionals de l&#8217;Observatori TIAMAT<\/h2>\n<\/div><\/div><div class=\"w-separator size_medium\"><\/div><div class=\"w-image align_center\"><div class=\"w-image-h\"><img decoding=\"async\" width=\"1024\" height=\"517\" src=\"https:\/\/www.observatoriotiamat.es\/wp-content\/uploads\/2023\/04\/mapa-cat-1024x517.png\" class=\"attachment-large size-large\" alt=\"\" loading=\"lazy\" srcset=\"https:\/\/www.observatoriotiamat.es\/wp-content\/uploads\/2023\/04\/mapa-cat-1024x517.png 1024w, https:\/\/www.observatoriotiamat.es\/wp-content\/uploads\/2023\/04\/mapa-cat-300x151.png 300w, https:\/\/www.observatoriotiamat.es\/wp-content\/uploads\/2023\/04\/mapa-cat.png 1625w\" sizes=\"auto, (max-width: 1024px) 100vw, 1024px\" \/><\/div><\/div><div class=\"w-separator size_small\"><\/div><\/div><\/div><\/div><\/div><\/div><\/section><section class=\"l-section wpb_row us_custom_a81c1471 height_auto\"><div class=\"l-section-h i-cf\"><div class=\"g-cols vc_row via_flex valign_top type_default stacking_default\"><div class=\"vc_col-sm-12 wpb_column vc_column_container\"><div class=\"vc_column-inner\"><div class=\"wpb_wrapper\"><div class=\"g-cols wpb_row via_flex valign_top type_default stacking_default\"><div class=\"vc_col-sm-3 wpb_column vc_column_container\"><div class=\"vc_column-inner\"><div class=\"wpb_wrapper\"><div class=\"w-image has_ratio align_none\"><div class=\"w-image-h\"><div style=\"padding-bottom:100%\"><\/div><img decoding=\"async\" width=\"1024\" height=\"674\" src=\"https:\/\/www.observatoriotiamat.es\/wp-content\/uploads\/2022\/11\/AdobeStock_189229767-1024x674.jpeg\" class=\"attachment-large size-large\" alt=\"\" loading=\"lazy\" \/><\/div><\/div><\/div><\/div><\/div><div class=\"vc_col-sm-9 wpb_column vc_column_container\"><div class=\"vc_column-inner\"><div class=\"wpb_wrapper\"><div class=\"wpb_text_column\"><div class=\"wpb_wrapper\"><h3>Parc Nacional Maritimoterrestre de l&#8217;Arxip\u00e8lag de Cabrera<\/h3>\n<p><span style=\"font-weight: 300;\">A poc m\u00e9s d&#8217;una hora de navegaci\u00f3 des de Mallorca, l&#8217;Arxip\u00e8lag de Cabrera \u00e9s el millor exponent d&#8217;ecosistemes insulars no alterats del Mediterrani espanyol. Des del 1991, el Parc Nacional Maritimoterrestre aixopluga tota la riquesa natural d&#8217;aquest conjunt d&#8217;illes i d\u2019illots calcaris: col\u00f2nies importants d&#8217;aus marines, esp\u00e8cies end\u00e8miques i un dels fons marins m\u00e9s ben conservats del nostre litoral. Els fons marins representen una part molt important del Parc, amb m\u00e9s de 200 esp\u00e8cies de peixos i nombrosos invertebrats end\u00e8mics.<\/span><\/p>\n<\/div><\/div><div class=\"w-separator size_small\"><\/div><div class=\"w-btn-wrapper align_left\"><a class=\"w-btn us-btn-style_1 us_custom_12829b65 us_animate_this icon_atleft\" href=\"https:\/\/www.miteco.gob.es\/es\/red-parques-nacionales\/nuestros-parques\/cabrera\/\"><i class=\"fas fa-long-arrow-right\"><\/i><span class=\"w-btn-label\">M\u00c9S INFORMACI\u00d3<\/span><\/a><\/div><\/div><\/div><\/div><\/div><\/div><\/div><\/div><\/div><\/div><\/section><section class=\"l-section wpb_row height_auto\"><div class=\"l-section-h i-cf\"><div class=\"g-cols vc_row via_flex valign_top type_default stacking_default\"><div class=\"vc_col-sm-12 wpb_column vc_column_container\"><div class=\"vc_column-inner\"><div class=\"wpb_wrapper\"><div class=\"w-separator size_medium\"><\/div><div class=\"w-separator us_custom_b537f837 us_animate_this size_small\"><\/div><div class=\"w-separator size_medium\"><\/div><div class=\"g-cols wpb_row via_flex valign_top type_default stacking_default\"><div class=\"vc_col-sm-3 wpb_column vc_column_container\"><div class=\"vc_column-inner\"><div class=\"wpb_wrapper\"><div class=\"w-image has_ratio align_none\"><div class=\"w-image-h\"><div style=\"padding-bottom:100%\"><\/div><img decoding=\"async\" width=\"1024\" height=\"683\" src=\"https:\/\/www.observatoriotiamat.es\/wp-content\/uploads\/2022\/11\/islas-atlanticas-1024x683.jpg\" class=\"attachment-large size-large\" alt=\"\" loading=\"lazy\" \/><\/div><\/div><\/div><\/div><\/div><div class=\"vc_col-sm-9 wpb_column vc_column_container\"><div class=\"vc_column-inner\"><div class=\"wpb_wrapper\"><div class=\"wpb_text_column\"><div class=\"wpb_wrapper\"><h3>Parque Nacional Mar\u00edtimo-Terrestre de las Islas Atl\u00e1nticas de Galicia<\/h3>\n<p><span style=\"font-weight: 300;\">Des de la ria de Arousa fins a la de Vigo s&#8217;encadenen aquestes illes, emergint de l&#8217;oce\u00e0 i embellint el paisatge mar\u00ed amb la m\u00e0gia dels penya-segats. A les entranyes, al fons del mar, es guarden les m\u00e9s preuades riqueses ecol\u00f2giques d&#8217;aquest parc, custodiades pels canons dels antics vaixells aqu\u00ed enfonsats. Representa sistemes naturals lligats a zones costaneres i plataforma continental de la regi\u00f3 Eurosiberiana. Els penya-segats, les garrigues, les dunes i les platges, aix\u00ed com els diferents fons marins (de roca, de sorra, de petxina\u2026) creen un gran mosaic d&#8217;ecosistemes en aquestes illes i les aig\u00fces que els envolten. Aquesta diversitat d&#8217;escenaris dona cabuda a un gran nombre d&#8217;esp\u00e8cies: m\u00e9s de 200 tipus d&#8217;algues entre les quals es refugien i crien gran quantitat de peixos i mol\u00b7luscs, aus marines que nien a les lleixes dels penya-segats i pesquen a les aig\u00fces poc profundes, plantes sorprenentment adaptades a viure entre les sorres de les dunes o a les estretes esquerdes dels penya-segats.<\/span><\/p>\n<\/div><\/div><div class=\"w-separator size_small\"><\/div><div class=\"w-btn-wrapper align_left\"><a class=\"w-btn us-btn-style_1 us_custom_12829b65 us_animate_this icon_atleft\" href=\"https:\/\/www.miteco.gob.es\/es\/red-parques-nacionales\/nuestros-parques\/islas-atlanticas\/\"><i class=\"fas fa-long-arrow-right\"><\/i><span class=\"w-btn-label\">M\u00c9S INFORMACI\u00d3<\/span><\/a><\/div><\/div><\/div><\/div><\/div><\/div><\/div><\/div><\/div><\/div><\/section><section class=\"l-section wpb_row height_auto\"><div class=\"l-section-h i-cf\"><div class=\"g-cols vc_row via_flex valign_top type_default stacking_default\"><div class=\"vc_col-sm-12 wpb_column vc_column_container\"><div class=\"vc_column-inner\"><div class=\"wpb_wrapper\"><div class=\"w-separator size_medium\"><\/div><div class=\"w-separator us_custom_b537f837 us_animate_this size_small\"><\/div><div class=\"w-separator size_medium\"><\/div><div class=\"g-cols wpb_row via_flex valign_top type_default stacking_default\"><div class=\"vc_col-sm-3 wpb_column vc_column_container\"><div class=\"vc_column-inner\"><div class=\"wpb_wrapper\"><div class=\"w-image has_ratio align_none\"><div class=\"w-image-h\"><div style=\"padding-bottom:100%\"><\/div><img decoding=\"async\" width=\"1024\" height=\"421\" src=\"https:\/\/www.observatoriotiamat.es\/wp-content\/uploads\/2022\/11\/AdobeStock_176746073-1024x421.jpeg\" class=\"attachment-large size-large\" alt=\"\" loading=\"lazy\" \/><\/div><\/div><\/div><\/div><\/div><div class=\"vc_col-sm-9 wpb_column vc_column_container\"><div class=\"vc_column-inner\"><div class=\"wpb_wrapper\"><div class=\"wpb_text_column\"><div class=\"wpb_wrapper\"><h3>Parque Nacional de Do\u00f1ana<\/h3>\n<p><span style=\"font-weight: 300;\">El Parque Nacional de Do\u00f1ana \u00e9s un mosaic d&#8217;ecosistemes que tenen una biodiversitat \u00fanica a Europa. Destaca sobretot la maresma, d&#8217;extraordin\u00e0ria import\u00e0ncia com a lloc de pas, cria i hibernaci\u00f3 per a milers d&#8217;aus europees i africanes. Al parc hi viuen esp\u00e8cies \u00faniques, i en seri\u00f3s perill d&#8217;extinci\u00f3, com l&#8217;\u00e0liga imperial ib\u00e8rica i el linx ib\u00e8ric. Do\u00f1ana suposa la conflu\u00e8ncia d&#8217;un conjunt d&#8217;ecosistemes (platja, dunes, vedats, maresma&#8230;) que doten aquest parc d&#8217;una personalitat \u00fanica.<\/span><\/p>\n<\/div><\/div><div class=\"w-separator size_small\"><\/div><div class=\"w-btn-wrapper align_left\"><a class=\"w-btn us-btn-style_1 us_custom_12829b65 us_animate_this icon_atleft\" href=\"https:\/\/www.miteco.gob.es\/es\/red-parques-nacionales\/nuestros-parques\/donana\/\"><i class=\"fas fa-long-arrow-right\"><\/i><span class=\"w-btn-label\">M\u00c9S INFORMACI\u00d3<\/span><\/a><\/div><\/div><\/div><\/div><\/div><\/div><\/div><\/div><\/div><\/div><\/section><section class=\"l-section wpb_row height_medium\"><div class=\"l-section-h i-cf\"><div class=\"g-cols vc_row via_flex valign_top type_default stacking_default\"><div class=\"vc_col-sm-12 wpb_column vc_column_container\"><div class=\"vc_column-inner\"><div class=\"wpb_wrapper\"><div class=\"w-separator size_large\"><\/div><\/div><\/div><\/div><\/div><\/div><\/section>\n","protected":false},"excerpt":{"rendered":"Parcs nacionals La Xarxa de Parcs Nacionals \u00e9s un sistema integrat per a la protecci\u00f3 i la gesti\u00f3 d&#8217;una selecci\u00f3 de les millors mostres del Patrimoni Natural Espanyol. Est\u00e0 conformada pels Parcs Nacionals que la integren, el marc normatiu, els mitjans materials i humans, les institucions i el sistema de relacions necessari per funcionar. M\u00c9S...","protected":false},"author":1,"featured_media":0,"parent":0,"menu_order":0,"comment_status":"closed","ping_status":"closed","template":"","meta":{"_acf_changed":false,"footnotes":""},"class_list":["post-5537","page","type-page","status-publish","hentry"],"acf":[],"_links":{"self":[{"href":"https:\/\/www.observatoriotiamat.es\/ca\/wp-json\/wp\/v2\/pages\/5537","targetHints":{"allow":["GET"]}}],"collection":[{"href":"https:\/\/www.observatoriotiamat.es\/ca\/wp-json\/wp\/v2\/pages"}],"about":[{"href":"https:\/\/www.observatoriotiamat.es\/ca\/wp-json\/wp\/v2\/types\/page"}],"author":[{"embeddable":true,"href":"https:\/\/www.observatoriotiamat.es\/ca\/wp-json\/wp\/v2\/users\/1"}],"replies":[{"embeddable":true,"href":"https:\/\/www.observatoriotiamat.es\/ca\/wp-json\/wp\/v2\/comments?post=5537"}],"version-history":[{"count":16,"href":"https:\/\/www.observatoriotiamat.es\/ca\/wp-json\/wp\/v2\/pages\/5537\/revisions"}],"predecessor-version":[{"id":6531,"href":"https:\/\/www.observatoriotiamat.es\/ca\/wp-json\/wp\/v2\/pages\/5537\/revisions\/6531"}],"wp:attachment":[{"href":"https:\/\/www.observatoriotiamat.es\/ca\/wp-json\/wp\/v2\/media?parent=5537"}],"curies":[{"name":"wp","href":"https:\/\/api.w.org\/{rel}","templated":true}]}}

<section class="l-section wpb_row height_medium"><div class="l-section-h i-cf"><div class="g-cols vc_row via_flex valign_top type_default stacking_default"><div class="vc_col-sm-12 wpb_column vc_column_container"><div class="vc_column-inner"><div class="wpb_wrapper"><div class="wpb_text_column us_custom_7e20fa79 us_animate_this"><div class="wpb_wrapper"><h5>Parcs nacionals</h5>
</div></div><div class="w-separator us_custom_8a8897b1 us_animate_this size_small"></div><div class="w-separator size_medium"></div><div class="wpb_text_column"><div class="wpb_wrapper"><h4>La Xarxa de Parcs Nacionals és un sistema integrat per a la protecció i la gestió d&#8217;una selecció de les millors mostres del Patrimoni Natural Espanyol. Està conformada pels Parcs Nacionals que la integren, el marc normatiu, els mitjans materials i humans, les institucions i el sistema de relacions necessari per funcionar.</h4>
</div></div><div class="w-separator size_small"></div><div class="w-separator size_small"></div><div class="w-btn-wrapper align_left"><a class="w-btn us-btn-style_1 us_custom_12829b65 us_animate_this icon_atleft" href="https://www.miteco.gob.es/es/red-parques-nacionales/la-red/"><i class="fas fa-long-arrow-right"></i><span class="w-btn-label">MÉS INFORMACIÓ</span></a></div><div class="w-separator size_medium"></div></div></div></div></div></div></section><section class="l-section wpb_row us_custom_6d13e4d2 height_medium"><div class="l-section-h i-cf"><div class="g-cols vc_row via_flex valign_top type_default stacking_default"><div class="vc_col-sm-12 wpb_column vc_column_container"><div class="vc_column-inner"><div class="wpb_wrapper"><div class="wpb_text_column us_custom_6df4bc3a has_text_color"><div class="wpb_wrapper"><h2>Mapa dels Parcs Nacionals de l&#8217;Observatori TIAMAT</h2>
</div></div><div class="w-separator size_medium"></div><div class="w-image align_center"><div class="w-image-h"><img decoding="async" width="1024" height="517" src="https://www.observatoriotiamat.es/wp-content/uploads/2023/04/mapa-cat-1024x517.png" class="attachment-large size-large" alt="" loading="lazy" srcset="https://www.observatoriotiamat.es/wp-content/uploads/2023/04/mapa-cat-1024x517.png 1024w, https://www.observatoriotiamat.es/wp-content/uploads/2023/04/mapa-cat-300x151.png 300w, https://www.observatoriotiamat.es/wp-content/uploads/2023/04/mapa-cat.png 1625w" sizes="auto, (max-width: 1024px) 100vw, 1024px" /></div></div><div class="w-separator size_small"></div></div></div></div></div></div></section><section class="l-section wpb_row us_custom_a81c1471 height_auto"><div class="l-section-h i-cf"><div class="g-cols vc_row via_flex valign_top type_default stacking_default"><div class="vc_col-sm-12 wpb_column vc_column_container"><div class="vc_column-inner"><div class="wpb_wrapper"><div class="g-cols wpb_row via_flex valign_top type_default stacking_default"><div class="vc_col-sm-3 wpb_column vc_column_container"><div class="vc_column-inner"><div class="wpb_wrapper"><div class="w-image has_ratio align_none"><div class="w-image-h"><div style="padding-bottom:100%"></div><img decoding="async" width="1024" height="674" src="https://www.observatoriotiamat.es/wp-content/uploads/2022/11/AdobeStock_189229767-1024x674.jpeg" class="attachment-large size-large" alt="" loading="lazy" /></div></div></div></div></div><div class="vc_col-sm-9 wpb_column vc_column_container"><div class="vc_column-inner"><div class="wpb_wrapper"><div class="wpb_text_column"><div class="wpb_wrapper"><h3>Parc Nacional Maritimoterrestre de l&#8217;Arxipèlag de Cabrera</h3>
<p><span style="font-weight: 300;">A poc més d&#8217;una hora de navegació des de Mallorca, l&#8217;Arxipèlag de Cabrera és el millor exponent d&#8217;ecosistemes insulars no alterats del Mediterrani espanyol. Des del 1991, el Parc Nacional Maritimoterrestre aixopluga tota la riquesa natural d&#8217;aquest conjunt d&#8217;illes i d’illots calcaris: colònies importants d&#8217;aus marines, espècies endèmiques i un dels fons marins més ben conservats del nostre litoral. Els fons marins representen una part molt important del Parc, amb més de 200 espècies de peixos i nombrosos invertebrats endèmics.</span></p>
</div></div><div class="w-separator size_small"></div><div class="w-btn-wrapper align_left"><a class="w-btn us-btn-style_1 us_custom_12829b65 us_animate_this icon_atleft" href="https://www.miteco.gob.es/es/red-parques-nacionales/nuestros-parques/cabrera/"><i class="fas fa-long-arrow-right"></i><span class="w-btn-label">MÉS INFORMACIÓ</span></a></div></div></div></div></div></div></div></div></div></div></section><section class="l-section wpb_row height_auto"><div class="l-section-h i-cf"><div class="g-cols vc_row via_flex valign_top type_default stacking_default"><div class="vc_col-sm-12 wpb_column vc_column_container"><div class="vc_column-inner"><div class="wpb_wrapper"><div class="w-separator size_medium"></div><div class="w-separator us_custom_b537f837 us_animate_this size_small"></div><div class="w-separator size_medium"></div><div class="g-cols wpb_row via_flex valign_top type_default stacking_default"><div class="vc_col-sm-3 wpb_column vc_column_container"><div class="vc_column-inner"><div class="wpb_wrapper"><div class="w-image has_ratio align_none"><div class="w-image-h"><div style="padding-bottom:100%"></div><img decoding="async" width="1024" height="683" src="https://www.observatoriotiamat.es/wp-content/uploads/2022/11/islas-atlanticas-1024x683.jpg" class="attachment-large size-large" alt="" loading="lazy" /></div></div></div></div></div><div class="vc_col-sm-9 wpb_column vc_column_container"><div class="vc_column-inner"><div class="wpb_wrapper"><div class="wpb_text_column"><div class="wpb_wrapper"><h3>Parque Nacional Marítimo-Terrestre de las Islas Atlánticas de Galicia</h3>
<p><span style="font-weight: 300;">Des de la ria de Arousa fins a la de Vigo s&#8217;encadenen aquestes illes, emergint de l&#8217;oceà i embellint el paisatge marí amb la màgia dels penya-segats. A les entranyes, al fons del mar, es guarden les més preuades riqueses ecològiques d&#8217;aquest parc, custodiades pels canons dels antics vaixells aquí enfonsats. Representa sistemes naturals lligats a zones costaneres i plataforma continental de la regió Eurosiberiana. Els penya-segats, les garrigues, les dunes i les platges, així com els diferents fons marins (de roca, de sorra, de petxina…) creen un gran mosaic d&#8217;ecosistemes en aquestes illes i les aigües que els envolten. Aquesta diversitat d&#8217;escenaris dona cabuda a un gran nombre d&#8217;espècies: més de 200 tipus d&#8217;algues entre les quals es refugien i crien gran quantitat de peixos i mol·luscs, aus marines que nien a les lleixes dels penya-segats i pesquen a les aigües poc profundes, plantes sorprenentment adaptades a viure entre les sorres de les dunes o a les estretes esquerdes dels penya-segats.</span></p>
</div></div><div class="w-separator size_small"></div><div class="w-btn-wrapper align_left"><a class="w-btn us-btn-style_1 us_custom_12829b65 us_animate_this icon_atleft" href="https://www.miteco.gob.es/es/red-parques-nacionales/nuestros-parques/islas-atlanticas/"><i class="fas fa-long-arrow-right"></i><span class="w-btn-label">MÉS INFORMACIÓ</span></a></div></div></div></div></div></div></div></div></div></div></section><section class="l-section wpb_row height_auto"><div class="l-section-h i-cf"><div class="g-cols vc_row via_flex valign_top type_default stacking_default"><div class="vc_col-sm-12 wpb_column vc_column_container"><div class="vc_column-inner"><div class="wpb_wrapper"><div class="w-separator size_medium"></div><div class="w-separator us_custom_b537f837 us_animate_this size_small"></div><div class="w-separator size_medium"></div><div class="g-cols wpb_row via_flex valign_top type_default stacking_default"><div class="vc_col-sm-3 wpb_column vc_column_container"><div class="vc_column-inner"><div class="wpb_wrapper"><div class="w-image has_ratio align_none"><div class="w-image-h"><div style="padding-bottom:100%"></div><img decoding="async" width="1024" height="421" src="https://www.observatoriotiamat.es/wp-content/uploads/2022/11/AdobeStock_176746073-1024x421.jpeg" class="attachment-large size-large" alt="" loading="lazy" /></div></div></div></div></div><div class="vc_col-sm-9 wpb_column vc_column_container"><div class="vc_column-inner"><div class="wpb_wrapper"><div class="wpb_text_column"><div class="wpb_wrapper"><h3>Parque Nacional de Doñana</h3>
<p><span style="font-weight: 300;">El Parque Nacional de Doñana és un mosaic d&#8217;ecosistemes que tenen una biodiversitat única a Europa. Destaca sobretot la maresma, d&#8217;extraordinària importància com a lloc de pas, cria i hibernació per a milers d&#8217;aus europees i africanes. Al parc hi viuen espècies úniques, i en seriós perill d&#8217;extinció, com l&#8217;àliga imperial ibèrica i el linx ibèric. Doñana suposa la confluència d&#8217;un conjunt d&#8217;ecosistemes (platja, dunes, vedats, maresma&#8230;) que doten aquest parc d&#8217;una personalitat única.</span></p>
</div></div><div class="w-separator size_small"></div><div class="w-btn-wrapper align_left"><a class="w-btn us-btn-style_1 us_custom_12829b65 us_animate_this icon_atleft" href="https://www.miteco.gob.es/es/red-parques-nacionales/nuestros-parques/donana/"><i class="fas fa-long-arrow-right"></i><span class="w-btn-label">MÉS INFORMACIÓ</span></a></div></div></div></div></div></div></div></div></div></div></section><section class="l-section wpb_row height_medium"><div class="l-section-h i-cf"><div class="g-cols vc_row via_flex valign_top type_default stacking_default"><div class="vc_col-sm-12 wpb_column vc_column_container"><div class="vc_column-inner"><div class="wpb_wrapper"><div class="w-separator size_large"></div></div></div></div></div></div></section>

Parcs nacionals La Xarxa de Parcs Nacionals és un sistema integrat per a la protecció i la gestió d&#8217;una selecció de les millors mostres del Patrimoni Natural Espanyol. Està conformada pels Parcs Nacionals que la integren, el marc normatiu, els mitjans materials i humans, les institucions i el sistema de relacions necessari per funcionar. MÉS...
